?
283
Calculate the remainder when 393318 is divided by 243.
144
Calculate the remainder when 8656862 is divided by 16941.
11
What is the remainder when 79806 is divided by 1838?
772
What is the remainder when 755252 is divided by 12841?
10474
Calculate the remainder when 9866464 is divided by 114.
106
Calculate the remainder when 336064 is divided by 7.
1
Calculate the remainder when 63667187 is divided by 27.
26
Calculate the remainder when 18315439 is divided by 117.
25
What is the remainder when 103103033 is divided by 19?
8
Calculate the remainder when 52416 is divided by 123.
18
What is the remainder when 17188455 is divided by 1909828?
3
Calculate the remainder when 247299 is divided by 64.
3
Calculate the remainder when 1735347965 is divided by 256.
253
What is the remainder when 1418092 is divided by 74635?
27
What is the remainder when 189606 is divided by 406?
4
What is the remainder when 8772493 is divided by 3622?
9
What is the remainder when 50382436 is divided by 508?
12
What is the remainder when 1325656 is divided by 57637?
5
What is the remainder when 1402941 is divided by 13361?
36
What is the remainder when 1362935 is divided by 681448?
39
What is the remainder when 5410382 is divided by 78?
68
Calculate the remainder when 9775605 is divided by 754.
749
What is the remainder when 604073 is divided by 1825?
1823
What is the remainder when 1729183 is divided by 78599?
5
What is the remainder when 126770728 is divided by 4477?
4473
Calculate the remainder when 13373194 is divided by 1037.
42
What is the remainder when 38732 is divided by 34722?
4010
What is the remainder when 12510603 is divided by 150730?
13
Calculate the remainder when 216705 is divided by 812.
713
What is the remainder when 2862903 is divided by 1686?
75
Calculate the remainder when 488389 is divided by 263.
261
What is the remainder when 1520041 is divided by 1706?
1701
Calculate the remainder when 915808 is divided by 632.
40
What is the remainder when 28054268 is divided by 33964?
4
What is the remainder when 3938154 is divided by 4039?
129
Calculate the remainder when 2193654 is divided by 5713.
5575
What is the remainder when 85213234 is divided by 3263?
3252
Calculate the remainder when 2925517 is divided by 474.
463
What is the remainder when 2934685 is divided by 7827?
7387
What is the remainder when 247348442 is divided by 1233?
11
Calculate the remainder when 104531 is divided by 6533.
3
Calculate the remainder when 6347882 is divided by 3173932.
18
Calculate the remainder when 73723751 is divided by 3497.
3494
What is the remainder when 22852453 is divided by 345?
343
What is the remainder when 62632074 is divided by 90?
84
What is the remainder when 67206 is divided by 12758?
3416
What is the remainder when 69292785 is divided by 538?
537
Calculate the remainder when 679495 is divided by 19.
17
What is the remainder when 25760796 is divided by 8586931?
3
Calculate the remainder when 12564890 is divided by 4188249.
143
What is the remainder when 160242 is divided by 52?
30
Calculate the remainder when 2429738 is divided by 809906.
20
Calculate the remainder when 852977 is divided by 20.
17
Calculate the remainder when 353350045 is divided by 15523.
15519
Calculate the remainder when 131763 is divided by 1857.
1773
What is the remainder when 101127 is divided by 400?
327
What is the remainder when 324813 is divided by 162371?
71
What is the remainder when 31983218 is divided by 717?
716
Calculate the remainder when 20163387 is divided by 65.
62
Calculate the remainder when 1590568 is divided by 12832.
12232
What is the remainder when 122841 is divided by 24565?
16
Calculate the remainder when 585044756 is divided by 7720.
7716
What is the remainder when 488287 is divided by 366?
43
What is the remainder when 70046204 is divided by 1581?
1580
What is the remainder when 3853303 is divided by 23?
21
What is the remainder when 1703183 is divided by 173?
171
What is the remainder when 104720 is divided by 52015?
690
What is the remainder when 6374688 is divided by 796835?
8
What is the remainder when 61571 is divided by 1197?
524
Calculate the remainder when 464048 is divided by 869.
2
What is the remainder when 1304959 is divided by 710?
689
What is the remainder when 407137 is divided by 135090?
1867
Calculate the remainder when 750749 is divided by 143.
142
What is the remainder when 193361400 is divided by 288169?
1
Calculate the remainder when 7979233 is divided by 2659725.
58
What is the remainder when 492153 is divided by 492093?
60
Calculate the remainder when 126903 is divided by 31709.
67
Calculate the remainder when 2197866 is divided by 3109.
2912
Calculate the remainder when 3679375 is divided by 131406.
7
What is the remainder when 710835 is divided by 749?
34
Calculate the remainder when 323831 is divided by 418.
299
What is the remainder when 21891160 is divided by 1253?
1250
Calculate the remainder when 297026 is divided by 74246.
42
Calculate the remainder when 770640 is divided by 9397.
86
What is the remainder when 67867748 is divided by 11311288?
20
Calculate the remainder when 21680822 is divided by 433616.
22
What is the remainder when 63934 is divided by 4476?
1270
Calculate the remainder when 190709 is divided by 243.
197
What is the remainder when 1417423 is divided by 132?
7
What is the remainder when 44991649 is divided by 550?
549
Calculate the remainder when 81281 is divided by 11578.
235
What is the remainder when 3426592 is divided by 16474?
0
What is the remainder when 921821 is divided by 1022?
999
What is the remainder when 15914988 is divided by 328?
100
What is the remainder when 401377 is divided by 80253?
112
Calculate the remainder when 7751077 is divided by 51.
46
Calculate the remainder when 1736660 is divided by 578868.
56
What is the remainder when 667232 is divided by 154?
104
Calculate the remainder when 26222 is divided by 546.
14
What is the remainder when 2271920 is divided by 1012?
992
Calculate the remainder when 50471 is divided by 3107.
759
What is the remainder when 32967 is divided by 10723?
798
What is the remainder when 6936612 is divided by 495466?
88
What is the remainder when 759870 is divided by 242?
232
What is the remainder when 3304261 is divided by 76?
9
What is the remainder when 22559965 is divided by 108?
61
What is the remainder when 40025366 is divided by 10918?
10896
What is the remainder when 1161761 is divided by 4355?
3331
What is the remainder when 630245 is divided by 126048?
5
Calculate the remainder when 9954844 is divided by 585578.
18
What is the remainder when 1804113 is divided by 521?
411
What is the remainder when 82274966 is divided by 205?
61
Calculate the remainder when 293975 is divided by 146235.
1505
Calculate the remainder when 5946378 is divided by 1901.
50
What is the remainder when 15617796 is divided by 88?
84
What is the remainder when 191143 is divided by 126?
1
Calculate the remainder when 1729392 is divided by 237.
3
What is the remainder when 12572 is divided by 6165?
242
Calculate the remainder when 730592 is divided by 730535.
57
What is the remainder when 123767473 is divided by 11811?
4
Calculate the remainder when 3192406 is divided by 1756.
1754
What is the remainder when 6110332 is divided by 6881?
4
Calculate the remainder when 76199 is divided by 1003.
974
Calculate the remainder when 84865 is divided by 540.
85
What is the remainder when 1748450 is divided by 175?
25
Calculate the remainder when 428782 is divided by 451.
332
What is the remainder when 11343047 is divided by 89?
86
What is the remainder when 200326830 is divided by 30147?
15
Calculate the remainder when 8565 is divided by 8307.
258
What is the remainder when 128993 is divided by 333?
122
Calculate the remainder when 898167 is divided by 352.
215
What is the remainder when 10271476 is divided by 380?
76
Calculate the remainder when 3880106 is divided by 50.
6
Calculate the remainder when 41101 is divided by 654.
553
What is the remainder when 1452035 is divided by 676?
663
Calculate the remainder when 78428 is divided by 1194.
818
What is the remainder when 733836 is divided by 733335?
501
Calculate the remainder when 831496379 is divided by 1711.
1709
Calculate the remainde